+ -7.
-10
Evaluate 0 + -7 + (99 - 97) - -10 - 3.
2
Evaluate (-47 + 41 - -19) + 16 + -1.
28
What is the value of 5 + (0 + 0 - 23 - (-1426 - -1436))?
-28
Evaluate (4 - -2) + (2 - 10).
-2
Evaluate 3 + 3 + -4 + 5 + -17.
-10
-18 + -16 + 24 - (5 + -46 - -2)
29
13 - (-12 + 21) - -2 - (23 - 0)
-17
Calculate 14 - (-13 - -31 - 6).
2
What is the value of (31 + -4 - 34) + 32?
25
6 + (0 - -2 - (-27 - -38))
-3
What is the value of -2 - (-11 - ((-20 - -22) + 0 + -8))?
3
What is the value of 24 + -5 - 12 - -9?
16
What is (-1 - 3) + (3 - -1 - 3)?
-3
What is the value of -58 + 92 - (6 + (-1 - (1 - 0)))?
30
Evaluate -6 - (12 + 1 + 6) - (-10 - -2).
-17
What is the value of 11 - (3 - -8 - (2 - -5))?
7
-8 + (1 + -15 - -9)
-13
What is (-1 - -8 - (-209 - -207)) + 11?
20
Calculate 2 - -16 - (-414 - -410).
22
What is -57 - (-39 - -55 - 42)?
-31
What is the value of 7 + (5 - 1 - 13 - (-24 - -17))?
5
Evaluate 12 + -22 + 12 - (-4 - 19).
25
Evaluate 553 + -565 + (-4 - 1).
-17
What is -1 - 11 - (-174 + 147)?
15
Calculate (0 - (-13 - -6) - 14 - 3) + 0.
-10
What is -1 + -5 + -1 - -19?
12
Evaluate 7 + -2 + -6 + (14 - 27).
-14
What is -15 - (-9 + 4 + -21)?
11
What is the value of (3 - 17 - -5) + 52 - 19?
24
What is the value of -8 - (-13 + 0 + -7 + 0 + 3)?
9
Calculate -11 + (0 - -6) + -12 + 2.
-15
Calculate -16 + 19 + (0 - 6).
-3
What is 1 + 8 - (71 + -59)?
-3
(77 - 86) + 14 + (-10 - -5)
0
Evaluate -5 - 0 - (-331 - -357).
-31
Calculate 5 + 8 + (-5 - 4) + -10 - 7.
-13
What is -27 - ((-22 - -17) + -20)?
-2
Evaluate (-13 - -28) + (3 + -17 - -27).
28
What is the value of (0 - -13) + ((-14 - -16) + 14 - 15)?
14
-2 + 12 + (-6 - 43) + 17
-22
What is (-13 - 2) + 46 + -41?
-10
(2 - (-11 + 6)) + (-3 - 10) - 11
-17
Evaluate -2 + 1 - (-24 + (-17 - -29)).
11
18 + (4 - (-10 + 19) - (4 + 0))
9
-5 + 2 + -1 + -10 + 1
-13
Calculate 20 + (-16 - 0) + 5.
9
(4 - (9 + -10 + 10)) + 35 + 1
31
Evaluate 29 + -29 + (6 - (-3 + 7)) + -20.
-18
What is the value of -1 + 12 - (6 + (-15 - -25))?
-5
Calculate -7 - (-22 + (8 - 4) + 7).
4
What is 8 + 19 - 9 - (3 - (3 - 3))?
15
74 + -80 + (-3 + 0 + -1 - -23)
13
What is the value of (1 + -2 - 9) + (-3636 - -3641)?
-5
28 + 0 + (12 - (30 - 8))
18
What is the value of 3 + -7 + (26 - 11) - 8?
3
Calculate 13009 - 13040 - (2 - (0 - -1) - 7).
-25
(8 - 0) + 107 + -104
11
What is 110 + -113 + (12 - 1)?
8
Evaluate (-33 - (-48 - -23) - (-1 + 10)) + -10.
-27
What is 16 + (13 - 1) + -6 + -3 + -7?
12
Evaluate -13 + (3 - 5) - -1 - -13.
-1
Evaluate 12 - (16 + -12 + -3 - -28).
-17
Evaluate (0 - -11) + -41 + (-21 - -38).
-13
Evaluate -6 - -3 - 2 - 3 - (-59 - -56).
-5
What is -3 + 10 - (-77 + 81 - (3 + -1))?
5
What is -22 + (60 + -24 + -24 - (-1 + 5))?
-14
What is ((-5 - -7) + 2 - -6) + -1 + -2?
7
Calculate (-9 - (9 + -3 + -11)) + -2.
-6
(-49 - -38) + (2 - -6)
-3
What is the value of -5 + (11 - (-1 + -4) - (5 + 3))?
3
Evaluate -15 - (29 + -21 - (38 - 0)).
15
Calculate -18 - (-3 - 3) - -7.
-5
Calculate 11 + 24 + -18 + -12.
5
What is (-1 - -1) + (-24 - -1 - -43)?
20
What is the value of 28 - (23 + -22 - -25)?
2
What is (30 - -1) + -233 + 242?
40
What is the value of -3599 + 3609 + (-1 - -5)?
14
Calculate -1 + -15 + -11 - -10.
-17
Evaluate 2 + 0 + 1 - (29 - 28).
2
-64 + 33 + 29 + 0 + -2
-4
What is the value of 9 + -35 - (-5 - 4)?
-17
Calculate -7 - -12 - (-6 + 7).
4
What is 32 - (10 + (10 - 10))?
22
What is -12 + (28 + 16 + -28 - 0)?
4
Calculate (-3 - (12 + -23)) + (1 - 2).
7
What is the value of 4 - (9 - -8 - 12 - -10)?
-11
Evaluate (-230 - -279 - (20 + 0)) + -17.
12
Calculate (-6 - -1 - (17 + -18)) + (-14 - -7).
-11
What is -6 - (-11 - ((3 - 3) + -11))?
-6
5 + 9 + 1 + -2
13
Evaluate 0 + 16 - (-3 + 32).
-13
What is the value of -8 - (-13 - (-2 + -10))?
-7
Calculate -1 + -2 + 2 - 6 - -4.
-3
Evaluate 5 + -19 + 0 - -19.
5
(3 - -2 - 23) + (-53 - -36)
-35
Calculate -27 + (2 - -18) + -3.
-10
3 + (14 - (18 + 1 + -6))
4
Calculate (-8 - (-1 + 9 + -8)) + 1.
-7
Calculate 0 - (-8 + 7 + (0 - 0)) - 11.
-10
Evaluate -3 - ((28 - 82) + 15).
36
(-198 - -196) + (23 - -1)
22
What is 7 - (6 - (-9 - (-8 + 8)))?
-8
50 - 43 - (-3 + 16) - 14
-20
What is the value of -6 - (-14 - -17) - (2 + -7)?
-4
What is 0 + 10 - (26 - (58 - 9 - 25))?
8
Evaluate -2 + (1 - (4 + -5)) + -3.
-3
-3 - (-1 + -3 + -2 - (3 - 17))
-11
What is the value of (1 - -18) + (73 - 91)?
1
What is the value of -22 - (-40 + (5 - -19))?
-6
What is the value of 25 + -1 + -305 + 270?
-11
84 + -94 - (-1 - 23)
14
Calculate (157 - 164) + (3 - (-4 + -32)).
32
Evaluate -11 + (-3 - (2 - (3 + -3))) + 6.
-10
1 - 10 - (30 + -21 + 2)
-20
What is the value of (-1 - 14) + 1 - -10?
-4
Evaluate -8 - (0 + -14 + 6) - -8.
8
What is the value of (3 - -5) + -17 - -4 - -3?
-2
Evaluate -2 - 6 - (3 - (3 + (0 - 5))).
-13
(-6 + -6 - -10 - -8) + -25
-19
4 + -16 - (-50 - (-4 - 12) - -8)
14
-16 + 4 + 12 + -10
-10
(-30 - (8 + -2 - 21)) + 0 + -2
-17
What is the value of 18 - (-13 - (-5 + -16))?
10
21 + -4 + -26 + 20
11
Evaluate (-7 - 6) + 16 + -2 + (-12 - -9).
-2
Calculate -2 + (14 - ((-12 - -4) + 4)).
16
What is -2 - (1 - -10) - (3 - 6)?
-10
What is 0 + (9 - (9 + 12))?
-12
Evaluate 7 - ((-10 - -6 - (-2 + 5)) + 20).
-6
What is the value of (7 - 18) + 2 + 11?
2
-5 - (5 - (5 + (0 - (0 - 3))))
-2
Calculate 2116 + -2112 + (3 - 2) + 5.
10
What is -784 - -758 - (3 + (-7 - 1))?
-21
-5 - (4 + 5 + -11 - (-2 + -6))
-11
Calculate -8 + 4 - (-6 - -10 - 10 - -6).
-4
Calculate (1 - -2) + -5 - -17 - 4.
11
-4 + 5 + (-5 - 1) + (-2 - -5)
-2
Evaluate -18 - (17 + -58 + 29).
-6
Calculate 22 - (-3 + 22 - 11) - 2.
12
Calculate -13 + 2 + (2 - -3) + 16.
10
Evaluate -11 + (-29 - -28) + (1 - -8).
-3
Evaluate 52 - (-5 + (6 - -31)).
20
Evaluate -13 - (4 - 5) - (-4 - -1).
-9
What is the value of 13 + -23 + 9 + (-8 - 2)?
-11
Calculate 4 + (-3 + 19 + -21 - (1 + -6)).
4
(-4 - -37) + 7 + -42
-2
What is the value of 3 - 1 - (-2 + -2 - 3)?
9
Evaluate -35 - -57 - (-2 + (-1 - -18)).
7
Evaluate (-54 + 19 - -8) + 37.
10
Calculate 12 - (1 - 4 - -12) - (24 - 3).
-18
What is 2 + -4 + 7 + 85 + -78?
12
What is -5 + (-5 + (-3 - -8) - (-6 - -2))?
-1
Evaluate 35 + (-18 - 3 - -18).
32
Evaluate (20 - 13) + (1 - (2 + 9 + 3)).
-6
-3 + 7 - -2 - (4 + -3 + -11)
16
What is the value of 133 + -97 + 7 + -2 + (-22 - -7)?
26
-7 - (-15 + (2 - (1 + 8)))
15
Calculate (2 - 9) + (-37 + 40 + -17 - -20).
-1
What is -40 - -12 - (3 + -12 + -5)?
-14
What is 13 + (17 - (10 - -34))?
-14
Calculate (5 - (21 - 15)) + 1 + 14.
14
Calculate 1 - (0 + -3 + (13 - -1)).
-10
Evaluate -2 - (-22 - -35 - (1 + 7)).
-7
Calculate (5 + -14 - -16) + -3 + (6 - 4).
6
-8 + 13 + -12 + 8 + -5
-4
Evaluate -2 + (1 - 1) - (15 + -2 + -12).
-3
What is the value of 2 + 3 + 12 + -8?
9
Calculate (8 - 16) + (-2 - (-2 + 4)).
-12
Evaluate 43 + (-23 + 24 - 19).
25
Evaluate 8 + -9 + 0 + -5 + (11 - 7).
-2
1 + 2 + (-346 - -347)
4
What is 20 - ((8 - 5 - 0 - 1) + -3)?
21
(-8 - -12 - -10) + 8
22
-25 - (-37 - (1 + -20))
-7
-9 - 6 - (-8 + 4 + 2 + -6)
-7
Calculate -8 + (10 - (4 - -3)) + (5 - 2).
-2
Evaluate -60 + 6 + 32 + 3.
-19
19 - (71 + -16 + -19) - -15
-2
What is the value of 2 + -5 + (4 - 13 - -2)?
-10
-21 + (-6 + 19 - 8)
-16
What is the value of 14 + (-1 - -1) + -14?
0
Evaluate 11 - (-6 - (6 - (17 + (3 - -6)))).
-3
What is the value of 2 + (-6 - (4 - (5 + 4)))?
1
Calculate -2 - (1 - 8) - (-35 + 29 - -21).
-10
What is the value of 20 + -47 - (-9 + -17 - -8)?
-9
Calculate 25 - (12 + -14) - 11 - 38.
-22
What is -11 + (-1 - -24) + (-107 - -120)?
25
-6 - (-13 + 11) - (-8 + 22)
-18
Evaluate (9 - -6) + -14 - (2 + -13).
12
-1 + -4 + (-17 + 9 - -9) + 18
14
26 - (12 + 8) - 23
-17
What is the value of -586 + 574 + (16 - 0)?
4
What is 6 + -3 + -5 - (34 - 41) - 7?
-2
Evaluate 8 + 7 + -7 + -9 + 7.
6
14 - 2 - 7 - -14
19
What is the value of -82 + 68 - (15 + (6 - 11 - 0))?
-24
What is 24 + 13 + (-14 - 14)?
9
Evaluate -69 + 45 - (-7 + -37).
20
Evaluate 14 + -5 + (-77 + 60 - (-1 + 10)).
-17
What is the value of -32 - (1 - (29 + -7))?
-11
(-9 - -2) + (-2 + 10 + -6 - -25)
20
What is the value of (-150 - -136) + 1 + -6 + 0?
-19
Calculate 10 + (3 - 4) - 13.
-4
What is 5 + (10 - 12) + 3 + -23 + 3?
-14
Evaluate (-13 - 19) + 23 + 11.
2
Calculate -6 - (6 + -9 + 7 - 22).
12
-29 - (2 - 8) - -15
-8
Calculate -1 + 14 + (-31 - -20).
2
What is the value of -8 - (-4 + 3) - 0?
-7
Calculate -1 - (14 - (9 - 5)) - (37 +